 27. What is b(-20)?
-53
Let a(b) = -b - 2. What is a(4)?
-6
Let l(u) = u**2 - 4*u - 50. What is l(-6)?
10
Let l(f) = 3*f**3 + 19*f**2 - 11*f + 3. Determine l(-7).
-18
Let v(l) = -l**3 + 9*l**2 - 10*l + 10. Give v(8).
-6
Let f(d) = 2*d**2 - 2*d - 1. Determine f(5).
39
Let n(u) = -18*u - 94. What is n(-5)?
-4
Let q(w) = w**3 + 18*w**2 - 2*w - 14. Calculate q(-18).
22
Let a(l) = l**2 + 25*l + 137. Calculate a(-8).
1
Let y(p) = -p - 25. Determine y(-20).
-5
Let f(o) = -o**2 - 3*o + 8. Determine f(-5).
-2
Let p(l) = l**3 - 15*l**2 + 23*l - 116. Give p(14).
10
Let x(p) = p**2 + 8. Calculate x(7).
57
Let o(y) = 51*y**3. Determine o(1).
51
Let x(b) = b**2 - 30*b. Determine x(29).
-29
Let t(l) = -13*l + 1. What is t(8)?
-103
Let q(g) = -g**3 - 7*g**2 - 7*g - 4. What is q(-4)?
-24
Let x(z) = -z**3 - 41*z**2 - 41*z - 32. Give x(-40).
8
Let n(i) = i**2 + 2*i - 2. Give n(6).
46
Let j(s) = s**2 - s - 5. Give j(3).
1
Let c(m) = -m**3 + 8*m**2 - 9*m + 15. Determine c(7).
1
Let k(r) = r + 35. Give k(-31).
4
Let l(m) = -m**2 - 4*m - 8. Calculate l(-7).
-29
Let z(p) = -p**2 - 3*p + 7. What is z(-7)?
-21
Let b(m) = 2*m - 14. Determine b(12).
10
Let x(g) = -22*g - 314. Give x(-14).
-6
Let w(f) = -f**3 + 6*f**2 - 10*f - 1. Determine w(6).
-61
Let z(m) = -m**3 + 4*m**2 + 5*m - 5. What is z(5)?
-5
Let z(m) = 41*m**3 + m - 1. Calculate z(1).
41
Let a(x) = x**3 - 8*x**2 - 35*x + 154. Calculate a(10).
4
Let o(n) = -n**3 + 7*n**2 - 9*n - 12. Give o(5).
-7
Let y(c) = -c**3 - 5*c**2 + 2*c - 12. Calculate y(-7).
72
Let v(b) = 6*b + 8. Determine v(-5).
-22
Let o(y) = -y**2 + y + 7. Determine o(5).
-13
Let b(j) = 27*j - 2. Calculate b(0).
-2
Let x(w) = -2*w - 3. What is x(-10)?
17
Let r(y) = 17*y - 6. Give r(1).
11
Let a(f) = f**3 + 10*f**2 + 10*f + 10. Calculate a(-9).
1
Let r(a) = -3*a**2 + a - 5. Give r(6).
-107
Let m(l) = l**3 + 5*l**2 + 12. Determine m(-5).
12
Let q(m) = m**3 - m**2 - m - 7. Give q(0).
-7
Let z(o) = o**2 - 16*o + 34. Give z(14).
6
Let b(k) = 18*k - 122. Give b(7).
4
Let k(l) = -l + 11. Determine k(9).
2
Let i(q) = -3*q**2 - 8. Calculate i(-4).
-56
Let b(z) = -3*z**2 - 18*z + 16. Calculate b(-7).
-5
Let n(u) = u + 21. Calculate n(6).
27
Let o(g) = 7*g. Determine o(4).
28
Let z(i) = -i - 3. Give z(8).
-11
Let x(v) = 3*v - 5. Calculate x(-7).
-26
Let f(d) = -7*d + 207. Calculate f(29).
4
Let v(t) = -44*t + 114. What is v(2)?
26
Let x(b) = b**2 + 7*b + 4. Calculate x(-4).
-8
Let l(o) = -9*o + 99. What is l(11)?
0
Let h(f) = f**2 - f - 3. Calculate h(-4).
17
Let x(g) = 4*g + 10. Determine x(2).
18
Let h(z) = z - 15. Determine h(12).
-3
Let m(l) = 3*l**2 + 9*l - 13. Calculate m(-4).
-1
Let s(a) = -34*a**2 - 107*a - 7. Determine s(-3).
8
Let q(a) = -6*a**2 + 131*a + 21. Calculate q(22).
-1
Let b(u) = 2*u**2 + 7*u + 5. Calculate b(-6).
35
Let x(r) = -4*r - 23. Give x(-7).
5
Let a(k) = -3*k + 6. Calculate a(5).
-9
Let g(w) = w**2 + 23*w - 89. Determine g(-26).
-11
Let u(j) = j**2 + 9*j - 29. Calculate u(-12).
7
Let b(v) = 4*v - 51. Determine b(12).
-3
Let o(g) = g**3 + 21*g**2 + 38*g - 6. Calculate o(-19).
-6
Let j(t) = t**2 - 72. Give j(10).
28
Let g(c) = -9*c**2 + 42*c + 10. Give g(5).
-5
Let i(n) = 3*n - 9. Determine i(5).
6
Let a(y) = -5*y**2 - 1. Calculate a(1).
-6
Let h(u) = 3*u + 2. What is h(-4)?
-10
Let n(w) = -w**2 - 11*w + 5. What is n(-10)?
15
Let r(n) = -4*n**3 - 8*n**2 - 11*n. Give r(-2).
22
Let v(f) = 4*f**2 - 53*f + 155. Determine v(9).
2
Let x(n) = -n**3 + 10*n**2 + 10*n - 9. Calculate x(11).
-20
Let k(n) = 6*n + 50. Calculate k(15).
140
Let z(g) = g**2 - 3*g + 26. What is z(9)?
80
Let n(g) = 2*g - 1. Give n(4).
7
Let u(f) = 3*f**2 + 3*f + 3. Determine u(4).
63
Let j(v) = v**2 + 13*v + 13. Determine j(-11).
-9
Let r(p) = 32*p + 740. What is r(-23)?
4
Let k(o) = -4*o**2 + 107*o - 93. Give k(26).
-15
Let r(x) = 6*x**2 - 45*x + 61. What is r(6)?
7
Let i(n) = -2*n**3 + n**2 - 3*n - 10. Determine i(-2).
16
Let n(f) = f**3 - 4*f**2 - 5*f - 6. What is n(5)?
-6
Let x(z) = -25*z - 5. Determine x(0).
-5
Let s(t) = -5*t - 11. Determine s(5).
-36
Let l(y) = 58*y + 352. Calculate l(-6).
4
Let j(l) = l. What is j(8)?
8
Let f(h) = -23*h**2 + h - 2. Determine f(1).
-24
Let w(g) = -g**2 + 20*g + 246. What is w(-9)?
-15
Let h(i) = -3*i**2 + i - 1. What is h(1)?
-3
Let u(n) = 7*n - 10. What is u(-5)?
-45
Let m(y) = y**2 + 19*y + 24. Determine m(-17).
-10
Let g(m) = -m**3 + 28*m**2 + 27*m + 57. Give g(29).
-1
Let b(q) = 2*q**3 - 29*q**2 - 14*q + 20. What is b(15)?
35
Let n(g) = -g**2 + 8*g - 9. Give n(10).
-29
Let b(f) = -133*f + 1336. Give b(10).
6
Let k(t) = t**2 + 15*t + 39. Calculate k(-11).
-5
Let g(n) = 97*n - 297. Determine g(3).
-6
Let k(m) = -26*m + 12. What is k(0)?
12
Let r(n) = n**3 + 5*n**2 - 7*n - 2. Give r(-6).
4
Let t(s) = 2*s**2 - 2*s + 7. Calculate t(2).
11
Let z(c) = 38*c + 273. Give z(-7).
7
Let w(c) = c**2 + 10*c - 5. Give w(-4).
-29
Let p(j) = -j**3 - 11*j**2 - 26*j - 4. Determine p(-7).
-18
Let c(b) = -b**3 - 6*b**2 - b + 7. Calculate c(-5).
-13
Let d(w) = w - 4. What is d(-2)?
-6
Let t(x) = x**2 + 21*x + 70. Calculate t(-16).
-10
Let h(r) = r**2 + 8*r + 55. What is h(0)?
55
Let s(m) = 4*m + 26. Determine s(-4).
10
Let c(w) = w**2 - 8*w - 12. Calculate c(9).
-3
Let r(q) = 22*q + 48. Calculate r(-2).
4
Let p(k) = 3*k**3. What is p(-1)?
-3
Let h(v) = -v**3 + 2*v**2 + 13*v - 11. Give h(-4).
33
Let l(k) = -3*k + 17. What is l(7)?
-4
Let o(c) = -c**2 + 13*c - 25. Calculate o(12).
-13
Let b(f) = 9*f + 134. Determine b(-13).
17
Let k(x) = 2*x**2 + 7*x + 3. What is k(-5)?
18
Let p(d) = -d**2 + 10*d - 16. What is p(7)?
5
Let s(u) = -3*u - 145. Give s(-47).
-4
Let j(o) = -o - 8. Determine j(-8).
0
Let d(t) = -t**3 - 14*t**2 - 12*t + 11. Calculate d(-13).
-2
Let i(h) = -h**3 - 10*h**2 + 14*h + 25. What is i(-11)?
-8
Let j(h) = -h**2 + 17*h + 7. Calculate j(16).
23
Let a(i) = -i**2 - 11*i - 8. Calculate a(-8).
16
Let a(b) = 9*b**3 - b. Determine a(-1).
-8
Let z(w) = 21*w. Give z(1).
21
Let h(u) = -u**3 - 6*u**2 - 4*u + 2. Calculate h(-4).
-14
Let f(n) = -n**3 + n**2 - 6*n + 7. Calculate f(2).
-9
Let t(c) = -20*c + 43. Give t(5).
-57
Let c(m) = m**2 + 5*m + 2. What is c(-3)?
-4
Let r(w) = w**2 + w + 9. Determine r(-4).
21
Let w(y) = y**3 + 7*y**2 + 3*y - 25. Determine w(-6).
-7
Let c(o) = 4*o - 1. Give c(1).
3
Let v(r) = -9*r + 15. Determine v(4).
-21
Let o(w) = -39*w**3 - 3*w**2 - w + 1. Calculate o(-1).
38
Let g(f) = -5*f - 59. Give g(-17).
26
Let o(c) = -c**3 + 8*c**2 - 6*c. What is o(8)?
-48
Let u(f) = -2*f**2 - 10*f. Determine u(-8).
-48
Let z(y) = 10*y**3 + y**2 - 10*y + 4. Give z(2).
68
Let j(p) = -4*p**2 + 2*p - 3. Calculate j(3).
-33
Let j(g) = g**3 + 12*g**2 + 12. Give j(-12).
12
Let n(q) = 5*q**3 + q**2 - q - 1. What is n(1)?
4
Let m(z) = -z**3 + 4*z**2 - z - 2. Give m(5).
-32
Let x(p) = p**3 - 15*p**2 + 24*p + 30. Determine x(13).
4
Let u(v) = 36*v - 245. Give u(7).
7
Let n(o) = 9*o - 98. What is n(9)?
-17
Let y(a) = -a**2 - 6*a + 1. What is y(-5)?
6
Let m(s) = s**3 + 7*s**2 - 8*s - 7. Calculate m(-8).
-7
Let d(p) = 10*p - 31. Determine d(5).
19
Let w(z) = 6*z**2 + 2*z + 1. What is w(-1)?
5
Let o(t) = -t**3 - 4*t**2 - t + 5. Give o(-3).
-1
Let z(j) = j - 36. Calculate z(0).
-36
Let m(t) = t**3 - 11. Calculate m(0).
-11
Let k(g) = -2*g + 2. Give k(-9).
20
Let i(b) = -b**3 + 6*b**2 + 7*b - 9. Give i(7).
-9
Let p(a) = -a**3 + 11*a**2 - 13*a + 2. What is p(10)?
-28
Let d(r) = 4*r + 3. Determine d(3).
15
Let c(t) = 2*t + 2. Determine c(-8).
-14
Let b(l) = 7*l + 11. Determine b(5).
46
Let l(a) = a**3 + 10*a**2 - 10*a - 5. Give l(-11).
-16
Let r(l) = -4*l + 26. Calculate r(7).
-2
Let n(f) = 15*f + 8. Calculate n(0).
8
Let b(n) = -n**3 - 16*n**2 - 51*n - 27. Calculate b(-12).
9
Let m(o) = 2*o + 1. What is m(3)?
7
Let h(n) = -n - 12. Calculate h(-17).
5
Let a(l) = -l**3 + 5*l**2 + 6*l + 9. Give a(6).
9
Let f(c) = -5*c - 37. Calculate f(-6).
-7
Let t(f) = -f**3 - 3*f**2 - 3*f. Give t(-2).
2
Let p(h) = -h - 9. Give p(8).
-17
Let x(u) = u - 18. Determine x(7).
-11
Let x(n) = -13*n**2 - 2*n + 3. Calculate x(-1).
-8
Let c(j) = -17*j + 2. What is c(-3)?
53
Let q(y) = y**3 - 9*y**2 + 5*y + 13. Give q(6).
-65
Let h(k) = -k**2 + 13*k - 17. Calculate h(12).
-5
Let p(s) = -2*s**2 + 28*s - 11. What is p(13)?
15
Let u(v) = -2*v**2 - 40*v - 10. Calculate u(-20)